lculate the remainder when 71 is divided by (-3)/p + (-2)/(-4)*80.
34
Let v(i) = -12*i**2 - 63*i - 4. Let o be v(-7). Let n = -132 - o. What is the remainder when n is divided by 5?
4
Suppose -11*i = -16*i - 3310. Let m = 698 + i. What is the remainder when 70 is divided by m?
34
Let q = -197 + 203. What is the remainder when 46 is divided by ((-16)/q - -1)/(31/(-186))?
6
Suppose 0 = 3*d + 4*g - 80 - 32, -d - 2*g + 40 = 0. What is the remainder when 847 is divided by d?
15
Let c(b) = -12*b - 18. Let k be c(-6). Suppose 0 = -29*i + 47*i - k. Calculate the remainder when 39 is divided by i.
0
Let w = 30 - 18. Suppose 0 = -k - 63 - 151. Let b = 233 + k. Calculate the remainder when b is divided by w.
7
Let q(m) = 116*m - 13559. Calculate the remainder when 687 is divided by q(117).
11
Let n = -64 + 116. Let i be 45/(-6*10/(-72)). Suppose -3*f = -i - 27. What is the remainder when n is divided by f?
25
Let q = 149 - 227. Let m = q + 84. What is the remainder when 57 is divided by m?
3
Let r(b) = 4*b + 22. Let n be r(-4). What is the remainder when 34*(n + (4 - 6)) is divided by 28?
24
Let g(j) = -1 - 15 - 7 + 0 + 14*j. Suppose 0 = 2*m - 4 - 2. Calculate the remainder when g(m) is divided by 8.
3
Suppose 0 = 1953*d - 1958*d + 45. Suppose 5*m - 177 + 27 = 0. What is the remainder when m is divided by d?
3
Suppose 8*x - 205 = 3*x. What is the remainder when x is divided by 44 - ((-45)/(-2))/(2065/1652)?
15
Let z be 7866/18 + -5 + 4/2. Suppose 0 = -6*h + z + 1294. Calculate the remainder when h is divided by 29.
27
Suppose 29 = 4*x - 31. Suppose 4*l + 5*i = 60, 5*i - x = 13*l - 14*l. What is the remainder when 524 is divided by l?
14
What is the remainder when 0 + (-27 - -45) - -17152 is divided by 31?
27
Suppose -5*f - 6*b + 4*b = -33, 5*b + 19 = 2*f. Calculate the remainder when (-8*f/(-112))/(1/232) is divided by 27.
8
Suppose 6*u + u - 1883 = 0. Let k = 311 - u. Calculate the remainder when k is divided by 11.
9
What is the remainder when 6628 is divided by 18/(-3) + (-908)/(-11 - -7)?
219
Suppose -6*v + 19 = -5. Let i = v + -2. Suppose -3*y = -6, 5*f - 584 = -i*y + 85. What is the remainder when f is divided by 34?
31
Let r be -14*(1 + 30/12). Let n = 223 + r. What is the remainder when n is divided by 44?
42
Suppose 288*s = 279*s + 2169. Calculate the remainder when s is divided by -2 - (71 - -3)/(-2).
31
Let s = 293 - 290. Suppose 12*u - 390 = -s*u. Calculate the remainder when 50 is divided by u.
24
Let j be 1856/32 - 2/2. Suppose -6*t - 93 = -j. Let z(l) = -5*l + 31. What is the remainder when 240 is divided by z(t)?
57
Let a be (-1 - 0)/(2/(-6)). Suppose 19875 = 113*f + 210*f - 58*f. Suppose -a*y - 24 = -f. Calculate the remainder when y is divided by 4.
1
Suppose -4*q + 3*j - 69 = -178, 0 = 4*q + j - 97. What is the remainder when 1348 is divided by q?
23
Suppose -3*q - 40 = -5*m - 11, 25 = 4*m - 3*q. Suppose -4*b - 3*x = -38, -6 = -4*b - m*x + 34. Calculate the remainder when (-3)/(-3)*1 - -19 is divided by b.
4
Suppose 110*z = 2193 + 557. What is the remainder when 1474 is divided by z?
24
Suppose 1 + 4 = -o + 3*c, 4*c - 32 = -5*o. Let r be 10/14 + (-314)/(-1099). Suppose -b = -o - r. Calculate the remainder when 16 is divided by b.
1
Calculate the remainder when 1009 is divided by (0 - (-8)/10)*(-7725)/(-30).
185
Let r = -4350 + 4369. What is the remainder when 305 is divided by r?
1
Suppose 145 = 3*g + 10*y - 15*y, 4*g = 5*y + 190. Let z be 2 + 25 - (-1 + 2). Let l = -18 + z. Calculate the remainder when g is divided by l.
5
Let o = 28 - 8. Let h(w) = -433*w - 2595. Calculate the remainder when ((-75)/o)/(3/(-16)) is divided by h(-6).
2
Suppose 164 = 17*s + 10 - 152. What is the remainder when 3347 is divided by s?
17
Let j be -2 + 1 + (-2)/(4 - 2). Let s be j - (-13)/(26/24). Suppose -s*h - 131 = -501. Calculate the remainder when h is divided by 22.
15
Suppose -r + 3*r = 100. Suppose -2*l = 2*t - 9 - 29, t = 5*l - 5. Suppose -5*j + t = 0, 2*i - 14 = -2*j + 44. Calculate the remainder when r is divided by i.
24
Let h = -8629 - -10939. Calculate the remainder when 2310 is divided by h.
0
Suppose -15*u + 19*u - 288 = 0. What is the remainder when u is divided by 48?
24
Suppose -25 = -6*b + 5. Suppose -5*s - 38 = -f, -5*f + 3*f + 76 = b*s. Calculate the remainder when 0 + 1 - -49*3 is divided by f.
34
Suppose 0 = -368*p + 6225 + 3343. What is the remainder when p is divided by 5?
1
Suppose -67*q - 70 = -53*q. What is the remainder when 79 is divided by (56/12 + q)*(-135)/1?
34
Let p(y) = y - 8. Let o be p(0). Let w be ((-333)/(-45) + o)/((-2)/20). Suppose 2*h = -w, -7*r - 5*h = -3*r - 17. What is the remainder when 47 is divided by r?
7
Suppose -27*z + 33 = -24*z. Let q(f) = f**2 - 6*f + 2. Let c be q(6). Calculate the remainder when c*-17*13/(-26) is divided by z.
6
Let n(g) = -4*g + 101. Let h(w) = -9*w**3 - 7*w**2 + 7*w + 1. Let z be h(1). What is the remainder when n(z) is divided by 69?
64
Suppose 0 = 32296*z - 32306*z + 120. Let f = -59 + 23. Let r = f + 80. Calculate the remainder when r is divided by z.
8
Let i = -126 - -159. Let h(k) = i + 43 + 4*k + 6 + 3*k. Calculate the remainder when 46 is divided by h(-11).
1
Suppose 2*q - 2*l = 390, -3*l + 0*l = -2*q + 393. Calculate the remainder when 194 is divided by q.
2
Let d = 143 + -111. What is the remainder when d is divided by (-246)/(-15) + 6/10?
15
Suppose -2*x = 4, i - 5*i + 2*x = 996. Let a = -225 - i. What is the remainder when a is divided by 14?
11
Calculate the remainder when -8 + 4 - (73 - 251) is divided by 92.
82
Calculate the remainder when 202 is divided by ((-1)/3)/(15 - (-138976)/(-9264)).
9
Let s(b) be the second derivative of -4*b**3/3 + 187*b**2/2 - 25*b. What is the remainder when s(12) is divided by 42?
7
Let l be (-4 + 2)*(-3)/6. Suppose -3*a + 4*r = -r + l, -26 = -2*a - 2*r. Calculate the remainder when 49 is divided by a.
1
Suppose -7*b - 2*b + b = -344. Calculate the remainder when b is divided by 23.
20
Let h = -33 - -102. Suppose -16*o = 27*o - 4257. Suppose 0 = -84*f + o*f - 360. What is the remainder when h is divided by f?
21
Let x(r) = -r**3 - r**2 + 7*r - 5. Suppose -4*s - 9 = 7. Suppose -2*k + 34 = -202. What is the remainder when k is divided by x(s)?
13
Let c = -396 + 641. Suppose 6940 = 73*o + 2414. What is the remainder when c is divided by o?
59
Suppose 7*j - 13*j + 246 = 0. Let k(q) = -10*q - 17. What is the remainder when j is divided by k(-3)?
2
Let l = -309 + 311. Suppose 2*p + q + 9 = 4*p, -2*q - 22 = -5*p. Calculate the remainder when l/(-4) - 119/(-14) is divided by p.
0
Calculate the remainder when 611 is divided by 798/4 + (-72)/48.
17
Suppose 112 = 3*r - o, -4*o + 13 + 7 = 0. Let d = 54 - r. Suppose -3*v + 382 = 5*t, -4*v + 7*v - 367 = -2*t. Calculate the remainder when v is divided by d.
14
Let h = 91 - 91. Suppose h*t + 2*j = -t - 42, -t - j = 46. What is the remainder when (-20)/(-25)*t/(-2) is divided by 8?
4
Calculate the remainder when 5756/(-11)*869/(-158) is divided by 120.
118
What is the remainder when ((-1526)/(-4))/((-79)/(-158)) - 10 is divided by 96?
81
Suppose -5*t - 230 + 440 = -0*t. What is the remainder when 129 is divided by t?
3
Suppose -20*m = 13*m - 10560. Calculate the remainder when 328 is divided by m.
8
Suppose v - 58 = -v. Suppose 3067*o - 3076*o + 27 = 0. Calculate the remainder when -6*o/((-9)/(-1)) + v is divided by 14.
13
Let k(o) = -6*o + 2. Let a be k(1). Calculate the remainder when 47 is divided by a + (-6)/((-24)/68).
8
Let d = 3768 - 3756. Calculate the remainder when 152 is divided by d.
8
Let j(t) = -t**3 + 95*t**2 + 32*t + 292. Calculate the remainder when j(94) is divided by 199.
196
Suppose -2*j = 2*p + 418, -3*j + 637 = -3*p - 8*j. Let k = 209 + p. What is the remainder when 11 is divided by k?
1
Suppose 0 = 4*l + 3*r - 3 - 4, l + r - 1 = 0. Suppose -72202*s + 905 = -72128*s - 797. Calculate the remainder when s is divided by l.
3
Suppose -5*h - 10 = 0, -h + 13 = -3*r - 6. What is the remainder when -2 + 0 - -76*1 is divided by (-1 - -2)/((70/(-200))/r)?
14
Suppose 0 = 2*f + 5*t - 89, f = 5*f + 3*t - 199. Suppose -f*c - 2280 = -64*c. What is the remainder when c is divided by 12?
10
Suppose 89*d + d - 18090 = 0. Calculate the remainder when d is divided by 24.
9
Let k(f) = -14*f**2 - 143